{"id":7,"date":"2022-04-14T12:43:55","date_gmt":"2022-04-14T12:43:55","guid":{"rendered":"http:\/\/stz-gmbh.ch\/?page_id=7"},"modified":"2022-05-06T10:03:09","modified_gmt":"2022-05-06T10:03:09","slug":"leistungen","status":"publish","type":"page","link":"https:\/\/stz-gmbh.ch\/?page_id=7","title":{"rendered":"Leistungen"},"content":{"rendered":"\n<p><\/p>\n\n\n\n<hr class=\"wp-block-separator\"\/>\n\n\n\n<div class=\"wp-block-group\"><div class=\"wp-block-group__inner-container is-layout-flow wp-block-group-is-layout-flow\">\n<h3 class=\"wp-block-heading\"><strong>Rundumbetreuung<\/strong><\/h3>\n\n\n\n<p>Sie ben\u00f6tigen eine neue Schliessanlage oder wollen eine bestehende Anlage ersetzen?&nbsp;<\/p>\n\n\n\n<p>M\u00f6chten Sie die neuesten Technologien einsetzen?&nbsp;<\/p>\n\n\n\n<p>Wir entwickeln eine auf Ihre Bed\u00fcrfnisse massgeschneiderte L\u00f6sung und setzen diese von der Planung bis zur \u00dcbergabe mit unserem Team von Fachleuten um.<\/p>\n\n\n\n<p>Damit Ihre L\u00f6sung auch noch lange \u00fcber die erwartete&nbsp;Lebensdauer hinaus ihren Dienst verrichtet, stehen wir Ihnen auch nach dem Kauf mit Rat und Tat zur Seite.<\/p>\n<\/div><\/div>\n\n\n\n<hr class=\"wp-block-separator\"\/>\n\n\n\n<div class=\"wp-block-group\"><div class=\"wp-block-group__inner-container is-layout-flow wp-block-group-is-layout-flow\">\n<h3 class=\"wp-block-heading\"><strong><strong>Schl\u00fcsselservice<\/strong><\/strong><\/h3>\n\n\n\n<p>F\u00fcr jeden Zylinder gibt es den passenden Schl\u00fcssel.<\/p>\n\n\n\n<p>Ob registrierte Nachschl\u00fcssel von bestehenden Schliessanlagen, komplette Neuanlagen f\u00fcr Wohn- oder Gesch\u00e4ftsh\u00e4user oder einfache Registerschl\u00fcssel &#8211; wir helfen Ihnen kompetent bei der Auswahl Ihrer n\u00e4chsten Generation Sicherheit.<\/p>\n<\/div><\/div>\n\n\n\n<hr class=\"wp-block-separator\"\/>\n\n\n\n<div class=\"wp-block-group\"><div class=\"wp-block-group__inner-container is-layout-flow wp-block-group-is-layout-flow\">\n<h3 class=\"wp-block-heading\"><strong>T\u00fcrinstandhaltung<\/strong><\/h3>\n\n\n\n<p>Wenn Sie die T\u00fcren nicht mehr richtig schliessen oder nicht mehr \u00f6ffnen k\u00f6nnen, kommen wir zum Einsatz. Mit der langj\u00e4hrigen Erfahrung unseres kompetenten Teams in der T\u00fcr-, Schliess- und Schlosstechnik beheben wir jedes Problem an Ihrer T\u00fcre..<\/p>\n<\/div><\/div>\n\n\n\n<hr class=\"wp-block-separator\"\/>\n\n\n\n<div class=\"wp-block-group\"><div class=\"wp-block-group__inner-container is-layout-flow wp-block-group-is-layout-flow\">\n<h3 class=\"wp-block-heading\"><strong>Gravuren und Beschriftungen<\/strong><\/h3>\n\n\n\n<div class=\"wp-block-group\"><div class=\"wp-block-group__inner-container is-layout-flow wp-block-group-is-layout-flow\">\n<p>Ein Umzug bedeutet neue Anschriften an Ihrem Briefkasten und der Sonnerie.<br>Gerne gravieren wir Ihre Briefkasten- und Sonnerieschilder nach Wunsch.<br>Auch fertigen wir gerne f\u00fcr Sie ein Schild nach Ihren Ideen an.<\/p>\n\n\n\n<hr class=\"wp-block-separator\"\/>\n\n\n\n<p><\/p>\n<\/div><\/div>\n\n\n\n<figure class=\"wp-block-image size-large\"><img loading=\"lazy\" decoding=\"async\" width=\"1024\" height=\"576\" src=\"http:\/\/stz-gmbh.ch\/wp-content\/uploads\/2022\/04\/DSCF8373-1024x576.jpg\" alt=\"\" class=\"wp-image-89\" srcset=\"https:\/\/stz-gmbh.ch\/wp-content\/uploads\/2022\/04\/DSCF8373-1024x576.jpg 1024w, https:\/\/stz-gmbh.ch\/wp-content\/uploads\/2022\/04\/DSCF8373-300x169.jpg 300w, https:\/\/stz-gmbh.ch\/wp-content\/uploads\/2022\/04\/DSCF8373-768x432.jpg 768w, https:\/\/stz-gmbh.ch\/wp-content\/uploads\/2022\/04\/DSCF8373-1536x864.jpg 1536w, https:\/\/stz-gmbh.ch\/wp-content\/uploads\/2022\/04\/DSCF8373.jpg 1804w\" sizes=\"auto, (max-width: 1024px) 100vw, 1024px\" \/><\/figure>\n\n\n\n<p><\/p>\n<\/div><\/div>\n","protected":false},"excerpt":{"rendered":"<p>Rundumbetreuung Sie ben\u00f6tigen eine neue Schliessanlage oder wollen eine bestehende Anlage ersetzen?&nbsp; M\u00f6chten Sie die neuesten Technologien einsetzen?&nbsp; Wir entwickeln eine auf Ihre Bed\u00fcrfnisse massgeschneiderte L\u00f6sung und setzen diese von der Planung bis zur \u00dcbergabe mit unserem Team von Fachleuten um. Damit Ihre L\u00f6sung auch noch lange \u00fcber die erwartete&nbsp;Lebensdauer hinaus ihren Dienst verrichtet, stehen&hellip;&nbsp;<a href=\"https:\/\/stz-gmbh.ch\/?page_id=7\" rel=\"bookmark\">Weiterlesen &raquo;<span class=\"screen-reader-text\">Leistungen<\/span><\/a><\/p>\n","protected":false},"author":1,"featured_media":0,"parent":0,"menu_order":0,"comment_status":"closed","ping_status":"closed","template":"","meta":{"neve_meta_sidebar":"default","neve_meta_container":"default","neve_meta_enable_content_width":"off","neve_meta_content_width":70,"neve_meta_title_alignment":"","neve_meta_author_avatar":"","neve_post_elements_order":"","neve_meta_disable_header":"","neve_meta_disable_footer":"","neve_meta_disable_title":"","footnotes":""},"class_list":["post-7","page","type-page","status-publish","hentry"],"_links":{"self":[{"href":"https:\/\/stz-gmbh.ch\/index.php?rest_route=\/wp\/v2\/pages\/7","targetHints":{"allow":["GET"]}}],"collection":[{"href":"https:\/\/stz-gmbh.ch\/index.php?rest_route=\/wp\/v2\/pages"}],"about":[{"href":"https:\/\/stz-gmbh.ch\/index.php?rest_route=\/wp\/v2\/types\/page"}],"author":[{"embeddable":true,"href":"https:\/\/stz-gmbh.ch\/index.php?rest_route=\/wp\/v2\/users\/1"}],"replies":[{"embeddable":true,"href":"https:\/\/stz-gmbh.ch\/index.php?rest_route=%2Fwp%2Fv2%2Fcomments&post=7"}],"version-history":[{"count":9,"href":"https:\/\/stz-gmbh.ch\/index.php?rest_route=\/wp\/v2\/pages\/7\/revisions"}],"predecessor-version":[{"id":131,"href":"https:\/\/stz-gmbh.ch\/index.php?rest_route=\/wp\/v2\/pages\/7\/revisions\/131"}],"wp:attachment":[{"href":"https:\/\/stz-gmbh.ch\/index.php?rest_route=%2Fwp%2Fv2%2Fmedia&parent=7"}],"curies":[{"name":"wp","href":"https:\/\/api.w.org\/{rel}","templated":true}]}}